{"id":27,"date":"2021-12-20T01:33:26","date_gmt":"2021-12-20T00:33:26","guid":{"rendered":"https:\/\/sophie-vie.com\/?page_id=27"},"modified":"2025-10-17T17:35:24","modified_gmt":"2025-10-17T15:35:24","slug":"qui-suis-je","status":"publish","type":"page","link":"https:\/\/sophie-vie.com\/index.php\/qui-suis-je\/","title":{"rendered":"Qui suis-je ?"},"content":{"rendered":"\n<div class=\"wp-block-cover alignfull\" style=\"min-height:600px\"><span aria-hidden=\"true\" class=\"has-nv-site-bg-background-color has-background-dim-100 wp-block-cover__gradient-background has-background-dim\"><\/span><div class=\"wp-block-cover__inner-container\">\n<div class=\"wp-container-1 wp-block-group\"><div class=\"wp-block-group__inner-container\">\n<div style=\"height:80px\" aria-hidden=\"true\" class=\"wp-block-spacer\"><\/div>\n\n\n\n<div class=\"wp-block-columns are-vertically-aligned-center\">\n<div class=\"wp-block-column is-vertically-aligned-center\" style=\"flex-basis:50%\">\n<figure class=\"wp-block-image size-medium size-large is-style-rounded\"><img loading=\"lazy\" width=\"300\" height=\"300\" src=\"https:\/\/sophie-vie.com\/wp-content\/uploads\/2021\/12\/photo-profil-1-300x300.jpg\" alt=\"\" class=\"wp-image-115\" srcset=\"https:\/\/sophie-vie.com\/wp-content\/uploads\/2021\/12\/photo-profil-1-300x300.jpg 300w, https:\/\/sophie-vie.com\/wp-content\/uploads\/2021\/12\/photo-profil-1-150x150.jpg 150w, https:\/\/sophie-vie.com\/wp-content\/uploads\/2021\/12\/photo-profil-1.jpg 550w\" sizes=\"(max-width: 300px) 100vw, 300px\" \/><\/figure>\n<\/div>\n\n\n\n<div class=\"wp-block-column is-vertically-aligned-center\" style=\"flex-basis:50%\">\n<h2 class=\"has-neve-text-color-color has-text-color\" id=\"mon-parcours\">Mon parcours <\/h2>\n\n\n\n<p class=\"has-neve-text-color-color has-text-color\">J&rsquo;ai toujours \u00e9t\u00e9 int\u00e9ress\u00e9e par la compr\u00e9hension de l&rsquo;\u00eatre humain. Avant mes \u00e9tudes en psychologie, j&rsquo;ai effectu\u00e9 un cursus universitaire en biologie. La d\u00e9couverte des sciences cognitives et de l&rsquo;hypnose m&rsquo;ont amen\u00e9e \u00e0 repenser mes projets, et ma vie professionnelle. Je me suis form\u00e9e \u00e0 l&rsquo;hypnose et j&rsquo;ai repris mes \u00e9tudes pour devenir psychologue clinicienne. Je continue de me former avec passion afin de pouvoir vous apporter un accompagnement personnalis\u00e9 et adapt\u00e9 \u00e0 vos besoins. <\/p>\n<\/div>\n<\/div>\n\n\n\n<div style=\"height:40px\" aria-hidden=\"true\" class=\"wp-block-spacer\"><\/div>\n<\/div><\/div>\n<\/div><\/div>\n\n\n\n<div class=\"wp-block-cover alignfull\" style=\"min-height:600px\"><span aria-hidden=\"true\" class=\"has-nv-light-bg-background-color has-background-dim-100 wp-block-cover__gradient-background has-background-dim\"><\/span><div class=\"wp-block-cover__inner-container\">\n<div class=\"wp-container-3 wp-block-group\"><div class=\"wp-block-group__inner-container\">\n<div style=\"height:80px\" aria-hidden=\"true\" class=\"wp-block-spacer\"><\/div>\n\n\n\n<div class=\"wp-block-columns are-vertically-aligned-center\">\n<div class=\"wp-block-column is-vertically-aligned-center\" style=\"flex-basis:50%\">\n<h2 class=\"has-neve-text-color-color has-text-color\" id=\"cv-en-bref\">CV en bref <\/h2>\n\n\n\n<ul class=\"has-neve-text-color-color has-text-color\"><li>Diplom\u00e9e d&rsquo;un Master de Psychologie clinique mention psychoth\u00e9rapies de l&rsquo;Universit\u00e9 de Reims Champagne Ardenne &#8211; Obtention du titre de Psychologue clinicienne (N\u00b0 ADELI : 519308720)<\/li><li>Diplom\u00e9e d&rsquo;un Master Recherche en Infectiologie de l&rsquo;Universit\u00e9 de Paris Diderot (Paris VII) \/ Institut Pasteur <\/li><li>Formation aux th\u00e9rapies cognitives et comportementales (AFTCC)<\/li><li>Certification de praticienne en Hypnose Ericksonienne (ARCHE Hypnose) <\/li><li>Certification de Maitre praticien en Hypnose (France Hypnose Formation) <\/li><li>Certification de Formateurs (France Hypnose Formation) <\/li><li>Introduction \u00e0 la Sophrologie (AFPAG)<\/li><li>Introduction \u00e0 l&rsquo;EMDR (AFPAG) <\/li><li>Niveau 1 LI &#8211; ICV (Institut Double h\u00e9lice) <\/li><\/ul>\n\n\n\n<div style=\"height:20px\" aria-hidden=\"true\" class=\"wp-block-spacer\"><\/div>\n\n\n\n<div class=\"wp-container-2 wp-block-buttons\"><\/div>\n\n\n\n<div style=\"height:20px\" aria-hidden=\"true\" class=\"wp-block-spacer\"><\/div>\n<\/div>\n\n\n\n<div class=\"wp-block-column is-vertically-aligned-center\" style=\"flex-basis:50%\">\n<div class=\"wp-block-image\"><figure class=\"aligncenter size-full is-resized\"><img loading=\"lazy\" src=\"https:\/\/sophie-vie.com\/wp-content\/uploads\/2021\/11\/psychologie-icone.png\" alt=\"\" class=\"wp-image-87\" width=\"230\" height=\"199\" srcset=\"https:\/\/sophie-vie.com\/wp-content\/uploads\/2021\/11\/psychologie-icone.png 694w, https:\/\/sophie-vie.com\/wp-content\/uploads\/2021\/11\/psychologie-icone-300x260.png 300w\" sizes=\"(max-width: 230px) 100vw, 230px\" \/><\/figure><\/div>\n<\/div>\n<\/div>\n\n\n\n<div style=\"height:40px\" aria-hidden=\"true\" class=\"wp-block-spacer\"><\/div>\n<\/div><\/div>\n<\/div><\/div>\n\n\n\n<p><em>Les titres de <strong>Psychologue<\/strong> et de <strong>Psychoth\u00e9rapeute<\/strong> garantissent une formation compl\u00e8te et reconnue dans le domaine de la psychologie. Ce sont des titres prot\u00e9g\u00e9s qui sont d\u00e9livr\u00e9s suite \u00e0 un long parcours de formation en psychologie clinique et psychoth\u00e9rapie. Ils permettent d\u2019\u00eatre inscrit au r\u00e9pertoire ADELI, r\u00e9pertoire prot\u00e9g\u00e9 et \u00e9tabli par l\u2019ARS.<\/em>  <\/p>\n","protected":false},"excerpt":{"rendered":"<p>Les titres de Psychologue et de Psychoth\u00e9rapeute garantissent une formation compl\u00e8te et reconnue dans le domaine de la psychologie. Ce sont des titres prot\u00e9g\u00e9s qui sont d\u00e9livr\u00e9s suite \u00e0 un long parcours de formation en psychologie clinique et psychoth\u00e9rapie. Ils permettent d\u2019\u00eatre inscrit au r\u00e9pertoire ADELI, r\u00e9pertoire prot\u00e9g\u00e9 et \u00e9tabli par l\u2019ARS.<\/p>\n","protected":false},"author":1,"featured_media":0,"parent":0,"menu_order":0,"comment_status":"closed","ping_status":"closed","template":"","meta":{"neve_meta_sidebar":"","neve_meta_container":"contained","neve_meta_enable_content_width":"on","neve_meta_content_width":95,"neve_meta_title_alignment":"","neve_meta_author_avatar":"","neve_post_elements_order":"","neve_meta_disable_header":"","neve_meta_disable_footer":"on","neve_meta_disable_title":"on"},"_links":{"self":[{"href":"https:\/\/sophie-vie.com\/index.php\/wp-json\/wp\/v2\/pages\/27"}],"collection":[{"href":"https:\/\/sophie-vie.com\/index.php\/wp-json\/wp\/v2\/pages"}],"about":[{"href":"https:\/\/sophie-vie.com\/index.php\/wp-json\/wp\/v2\/types\/page"}],"author":[{"embeddable":true,"href":"https:\/\/sophie-vie.com\/index.php\/wp-json\/wp\/v2\/users\/1"}],"replies":[{"embeddable":true,"href":"https:\/\/sophie-vie.com\/index.php\/wp-json\/wp\/v2\/comments?post=27"}],"version-history":[{"count":19,"href":"https:\/\/sophie-vie.com\/index.php\/wp-json\/wp\/v2\/pages\/27\/revisions"}],"predecessor-version":[{"id":274,"href":"https:\/\/sophie-vie.com\/index.php\/wp-json\/wp\/v2\/pages\/27\/revisions\/274"}],"wp:attachment":[{"href":"https:\/\/sophie-vie.com\/index.php\/wp-json\/wp\/v2\/media?parent=27"}],"curies":[{"name":"wp","href":"https:\/\/api.w.org\/{rel}","templated":true}]}}

<div class="wp-block-cover alignfull" style="min-height:600px"><span aria-hidden="true" class="has-nv-site-bg-background-color has-background-dim-100 wp-block-cover__gradient-background has-background-dim"></span><div class="wp-block-cover__inner-container">
<div class="wp-container-1 wp-block-group"><div class="wp-block-group__inner-container">
<div style="height:80px" aria-hidden="true" class="wp-block-spacer"></div>



<div class="wp-block-columns are-vertically-aligned-center">
<div class="wp-block-column is-vertically-aligned-center" style="flex-basis:50%">
<figure class="wp-block-image size-medium size-large is-style-rounded"><img loading="lazy" width="300" height="300" src="https://sophie-vie.com/wp-content/uploads/2021/12/photo-profil-1-300x300.jpg" alt="" class="wp-image-115" srcset="https://sophie-vie.com/wp-content/uploads/2021/12/photo-profil-1-300x300.jpg 300w, https://sophie-vie.com/wp-content/uploads/2021/12/photo-profil-1-150x150.jpg 150w, https://sophie-vie.com/wp-content/uploads/2021/12/photo-profil-1.jpg 550w" sizes="(max-width: 300px) 100vw, 300px" /></figure>
</div>



<div class="wp-block-column is-vertically-aligned-center" style="flex-basis:50%">
<h2 class="has-neve-text-color-color has-text-color" id="mon-parcours">Mon parcours </h2>



<p class="has-neve-text-color-color has-text-color">J&rsquo;ai toujours été intéressée par la compréhension de l&rsquo;être humain. Avant mes études en psychologie, j&rsquo;ai effectué un cursus universitaire en biologie. La découverte des sciences cognitives et de l&rsquo;hypnose m&rsquo;ont amenée à repenser mes projets, et ma vie professionnelle. Je me suis formée à l&rsquo;hypnose et j&rsquo;ai repris mes études pour devenir psychologue clinicienne. Je continue de me former avec passion afin de pouvoir vous apporter un accompagnement personnalisé et adapté à vos besoins. </p>
</div>
</div>



<div style="height:40px" aria-hidden="true" class="wp-block-spacer"></div>
</div></div>
</div></div>



<div class="wp-block-cover alignfull" style="min-height:600px"><span aria-hidden="true" class="has-nv-light-bg-background-color has-background-dim-100 wp-block-cover__gradient-background has-background-dim"></span><div class="wp-block-cover__inner-container">
<div class="wp-container-3 wp-block-group"><div class="wp-block-group__inner-container">
<div style="height:80px" aria-hidden="true" class="wp-block-spacer"></div>



<div class="wp-block-columns are-vertically-aligned-center">
<div class="wp-block-column is-vertically-aligned-center" style="flex-basis:50%">
<h2 class="has-neve-text-color-color has-text-color" id="cv-en-bref">CV en bref </h2>



<ul class="has-neve-text-color-color has-text-color"><li>Diplomée d&rsquo;un Master de Psychologie clinique mention psychothérapies de l&rsquo;Université de Reims Champagne Ardenne &#8211; Obtention du titre de Psychologue clinicienne (N° ADELI : 519308720)</li><li>Diplomée d&rsquo;un Master Recherche en Infectiologie de l&rsquo;Université de Paris Diderot (Paris VII) / Institut Pasteur </li><li>Formation aux thérapies cognitives et comportementales (AFTCC)</li><li>Certification de praticienne en Hypnose Ericksonienne (ARCHE Hypnose) </li><li>Certification de Maitre praticien en Hypnose (France Hypnose Formation) </li><li>Certification de Formateurs (France Hypnose Formation) </li><li>Introduction à la Sophrologie (AFPAG)</li><li>Introduction à l&rsquo;EMDR (AFPAG) </li><li>Niveau 1 LI &#8211; ICV (Institut Double hélice) </li></ul>



<div style="height:20px" aria-hidden="true" class="wp-block-spacer"></div>



<div class="wp-container-2 wp-block-buttons"></div>



<div style="height:20px" aria-hidden="true" class="wp-block-spacer"></div>
</div>



<div class="wp-block-column is-vertically-aligned-center" style="flex-basis:50%">
<div class="wp-block-image"><figure class="aligncenter size-full is-resized"><img loading="lazy" src="https://sophie-vie.com/wp-content/uploads/2021/11/psychologie-icone.png" alt="" class="wp-image-87" width="230" height="199" srcset="https://sophie-vie.com/wp-content/uploads/2021/11/psychologie-icone.png 694w, https://sophie-vie.com/wp-content/uploads/2021/11/psychologie-icone-300x260.png 300w" sizes="(max-width: 230px) 100vw, 230px" /></figure></div>
</div>
</div>



<div style="height:40px" aria-hidden="true" class="wp-block-spacer"></div>
</div></div>
</div></div>



<p><em>Les titres de <strong>Psychologue</strong> et de <strong>Psychothérapeute</strong> garantissent une formation complète et reconnue dans le domaine de la psychologie. Ce sont des titres protégés qui sont délivrés suite à un long parcours de formation en psychologie clinique et psychothérapie. Ils permettent d’être inscrit au répertoire ADELI, répertoire protégé et établi par l’ARS.</em>  </p>

<p>Les titres de Psychologue et de Psychothérapeute garantissent une formation complète et reconnue dans le domaine de la psychologie. Ce sont des titres protégés qui sont délivrés suite à un long parcours de formation en psychologie clinique et psychothérapie. Ils permettent d’être inscrit au répertoire ADELI, répertoire protégé et établi par l’ARS.</p>
