{"id":166,"date":"2021-12-20T01:33:10","date_gmt":"2021-12-20T00:33:10","guid":{"rendered":"https:\/\/sophie-vie.com\/?page_id=166"},"modified":"2025-01-22T11:06:32","modified_gmt":"2025-01-22T10:06:32","slug":"pourquoi-consulter","status":"publish","type":"page","link":"https:\/\/sophie-vie.com\/index.php\/pourquoi-consulter\/","title":{"rendered":"Pourquoi consulter ?"},"content":{"rendered":"\n<p>Psychologue clinicienne, je suis sp\u00e9cialis\u00e9e en <strong>Hypnose<\/strong> et <strong>Th\u00e9rapies Comportementales et Cognitives (TCC)<\/strong>.<\/p>\n\n\n\n<p>Ces diff\u00e9rentes approches, tr\u00e8s compl\u00e9mentaires, travaillent sur les aspects \u00e9motionnels, psychologiques, comportementaux et cognitifs. Elles permettent une approche globale et compl\u00e8te de la personne.\u200b Je m\u2019adapte en fonction des besoins et de votre demande. Chaque suivi est unique, chaque rendez-vous l\u2019est \u00e9galement.<\/p>\n\n\n\n<p>Je vous re\u00e7ois en consultation, sur rendez-vous en cabinet ou en visioconsultation, au sujet de difficult\u00e9s comme :<\/p>\n\n\n\n<ul><li>L\u2019anxi\u00e9t\u00e9, le stress, les crises de panique et d\u2019angoisse<\/li><li>Le manque de confiance en soi, d\u2019estime de soi, d\u2019affirmation de soi<\/li><li>Les difficult\u00e9s relationnelles<\/li><li>Les addictions<\/li><li>Les phobies<\/li><li>La d\u00e9pression<\/li><li>Le deuil<\/li><li>Les difficult\u00e9s li\u00e9es au sommeil<\/li><li>Les douleurs chroniques<\/li><li>Le burn-out<\/li><li>Ou toute autre difficult\u00e9 qui vous fait souffrir au quotidien&#8230;<\/li><\/ul>\n\n\n\n<p class=\"has-nv-light-bg-background-color has-background\">Nous pouvons tous \u00e0 un moment donn\u00e9 de notre vie \u00eatre amen\u00e9 \u00e0 traverser une p\u00e9riode de vie difficile engendrant de la souffrance, ou bien nous questionner sur des traits de caract\u00e8re, des comportements, des pens\u00e9es, et des \u00e9motions qui provoquent des difficult\u00e9s dans notre quotidien. Entreprendre et s\u2019investir dans une d\u00e9marche th\u00e9rapeutique permet d\u2019accompagner le changement. &nbsp;<\/p>\n","protected":false},"excerpt":{"rendered":"<p>Psychologue clinicienne, je suis sp\u00e9cialis\u00e9e en Hypnose et Th\u00e9rapies Comportementales et Cognitives (TCC). Ces diff\u00e9rentes approches, tr\u00e8s compl\u00e9mentaires, travaillent sur les aspects \u00e9motionnels, psychologiques, comportementaux et cognitifs. Elles permettent une approche globale et compl\u00e8te de la personne.\u200b Je m\u2019adapte en fonction des besoins et de votre demande. Chaque suivi est unique, chaque rendez-vous l\u2019est \u00e9galement.&hellip;&nbsp;<a href=\"https:\/\/sophie-vie.com\/index.php\/pourquoi-consulter\/\" class=\"\" rel=\"bookmark\">Lire la suite &raquo;<span class=\"screen-reader-text\">Pourquoi consulter ?<\/span><\/a><\/p>\n","protected":false},"author":1,"featured_media":0,"parent":0,"menu_order":0,"comment_status":"closed","ping_status":"closed","template":"","meta":{"neve_meta_sidebar":"","neve_meta_container":"","neve_meta_enable_content_width":"","neve_meta_content_width":0,"neve_meta_title_alignment":"","neve_meta_author_avatar":"","neve_post_elements_order":"","neve_meta_disable_header":"","neve_meta_disable_footer":"on","neve_meta_disable_title":""},"_links":{"self":[{"href":"https:\/\/sophie-vie.com\/index.php\/wp-json\/wp\/v2\/pages\/166"}],"collection":[{"href":"https:\/\/sophie-vie.com\/index.php\/wp-json\/wp\/v2\/pages"}],"about":[{"href":"https:\/\/sophie-vie.com\/index.php\/wp-json\/wp\/v2\/types\/page"}],"author":[{"embeddable":true,"href":"https:\/\/sophie-vie.com\/index.php\/wp-json\/wp\/v2\/users\/1"}],"replies":[{"embeddable":true,"href":"https:\/\/sophie-vie.com\/index.php\/wp-json\/wp\/v2\/comments?post=166"}],"version-history":[{"count":8,"href":"https:\/\/sophie-vie.com\/index.php\/wp-json\/wp\/v2\/pages\/166\/revisions"}],"predecessor-version":[{"id":266,"href":"https:\/\/sophie-vie.com\/index.php\/wp-json\/wp\/v2\/pages\/166\/revisions\/266"}],"wp:attachment":[{"href":"https:\/\/sophie-vie.com\/index.php\/wp-json\/wp\/v2\/media?parent=166"}],"curies":[{"name":"wp","href":"https:\/\/api.w.org\/{rel}","templated":true}]}}